{"id":887,"date":"2025-10-02T14:38:36","date_gmt":"2025-10-02T14:38:36","guid":{"rendered":"https:\/\/2025.musikvielfalt.ch\/?page_id=887"},"modified":"2026-04-27T12:25:07","modified_gmt":"2026-04-27T12:25:07","slug":"support","status":"publish","type":"page","link":"https:\/\/musikvielfalt.ch\/en\/support\/","title":{"rendered":"Support"},"content":{"rendered":"","protected":false},"excerpt":{"rendered":"","protected":false},"author":1,"featured_media":0,"parent":0,"menu_order":4,"comment_status":"closed","ping_status":"closed","template":"","meta":[],"class_list":["post-887","page","type-page","status-publish","hentry"],"yoast_head":"<!-- This site is optimized with the Yoast SEO plugin v27.4 - https:\/\/yoast.com\/product\/yoast-seo-wordpress\/ -->\n<title>Support - Musikvielfalt-Initiative<\/title>\n<meta name=\"description\" content=\"Wir brauchen euch. Jede Unterst\u00fctzung z\u00e4hlt f\u00fcr unser gemeinsames Ziel. Auch deine: Mach eine Spende, kauf dir ein cooles Supporter*innen-Shirt oder unser Sticker-Set. Und vor allem: Erz\u00e4hl deinen Friends und Bubbles von unseren Aktivit\u00e4ten.\" \/>\n<meta name=\"robots\" content=\"index, follow, max-snippet:-1, max-image-preview:large, max-video-preview:-1\" \/>\n<link rel=\"canonical\" href=\"https:\/\/musikvielfalt.ch\/en\/support\/\" \/>\n<meta property=\"og:locale\" content=\"en_US\" \/>\n<meta property=\"og:type\" content=\"article\" \/>\n<meta property=\"og:title\" content=\"Support - Musikvielfalt-Initiative\" \/>\n<meta property=\"og:description\" content=\"Wir brauchen euch. Jede Unterst\u00fctzung z\u00e4hlt f\u00fcr unser gemeinsames Ziel. Auch deine: Mach eine Spende, kauf dir ein cooles Supporter*innen-Shirt oder unser Sticker-Set. Und vor allem: Erz\u00e4hl deinen Friends und Bubbles von unseren Aktivit\u00e4ten.\" \/>\n<meta property=\"og:url\" content=\"https:\/\/musikvielfalt.ch\/en\/support\/\" \/>\n<meta property=\"og:site_name\" content=\"Musikvielfalt-Initiative\" \/>\n<meta property=\"article:publisher\" content=\"https:\/\/www.facebook.com\/igmusikbasel\/\" \/>\n<meta property=\"article:modified_time\" content=\"2026-04-27T12:25:07+00:00\" \/>\n<meta name=\"twitter:card\" content=\"summary_large_image\" \/>\n<meta name=\"twitter:label1\" content=\"Est. reading time\" \/>\n\t<meta name=\"twitter:data1\" content=\"2 minutes\" \/>\n<script type=\"application\/ld+json\" class=\"yoast-schema-graph\">{\"@context\":\"https:\\\/\\\/schema.org\",\"@graph\":[{\"@type\":\"WebPage\",\"@id\":\"https:\\\/\\\/musikvielfalt.ch\\\/en\\\/support\\\/\",\"url\":\"https:\\\/\\\/musikvielfalt.ch\\\/en\\\/support\\\/\",\"name\":\"Support - Musikvielfalt-Initiative\",\"isPartOf\":{\"@id\":\"https:\\\/\\\/musikvielfalt.ch\\\/en\\\/#website\"},\"datePublished\":\"2025-10-02T14:38:36+00:00\",\"dateModified\":\"2026-04-27T12:25:07+00:00\",\"description\":\"Wir brauchen euch. Jede Unterst\u00fctzung z\u00e4hlt f\u00fcr unser gemeinsames Ziel. Auch deine: Mach eine Spende, kauf dir ein cooles Supporter*innen-Shirt oder unser Sticker-Set. Und vor allem: Erz\u00e4hl deinen Friends und Bubbles von unseren Aktivit\u00e4ten.\",\"breadcrumb\":{\"@id\":\"https:\\\/\\\/musikvielfalt.ch\\\/en\\\/support\\\/#breadcrumb\"},\"inLanguage\":\"en-US\",\"potentialAction\":[{\"@type\":\"ReadAction\",\"target\":[[\"https:\\\/\\\/musikvielfalt.ch\\\/en\\\/support\\\/\"]]}]},{\"@type\":\"BreadcrumbList\",\"@id\":\"https:\\\/\\\/musikvielfalt.ch\\\/en\\\/support\\\/#breadcrumb\",\"itemListElement\":[{\"@type\":\"ListItem\",\"position\":1,\"name\":\"Startseite\",\"item\":\"https:\\\/\\\/musikvielfalt.ch\\\/en\\\/\"},{\"@type\":\"ListItem\",\"position\":2,\"name\":\"Support\"}]},{\"@type\":\"WebSite\",\"@id\":\"https:\\\/\\\/musikvielfalt.ch\\\/en\\\/#website\",\"url\":\"https:\\\/\\\/musikvielfalt.ch\\\/en\\\/\",\"name\":\"Musikvielfalt Initiative\",\"description\":\"FOR FAIR MUSIC FUNDING\",\"publisher\":{\"@id\":\"https:\\\/\\\/musikvielfalt.ch\\\/en\\\/#organization\"},\"potentialAction\":[{\"@type\":\"SearchAction\",\"target\":{\"@type\":\"EntryPoint\",\"urlTemplate\":\"https:\\\/\\\/musikvielfalt.ch\\\/en\\\/?s={search_term_string}\"},\"query-input\":{\"@type\":\"PropertyValueSpecification\",\"valueRequired\":true,\"valueName\":\"search_term_string\"}}],\"inLanguage\":\"en-US\"},{\"@type\":\"Organization\",\"@id\":\"https:\\\/\\\/musikvielfalt.ch\\\/en\\\/#organization\",\"name\":\"Musikvielfalt Initiative\",\"url\":\"https:\\\/\\\/musikvielfalt.ch\\\/en\\\/\",\"logo\":{\"@type\":\"ImageObject\",\"inLanguage\":\"en-US\",\"@id\":\"https:\\\/\\\/musikvielfalt.ch\\\/en\\\/#\\\/schema\\\/logo\\\/image\\\/\",\"url\":\"https:\\\/\\\/2025.musikvielfalt.ch\\\/wp-content\\\/uploads\\\/2024\\\/06\\\/Mehr-Musikvielfalt-fuer-Basel-JA.jpg\",\"contentUrl\":\"https:\\\/\\\/2025.musikvielfalt.ch\\\/wp-content\\\/uploads\\\/2024\\\/06\\\/Mehr-Musikvielfalt-fuer-Basel-JA.jpg\",\"width\":4276,\"height\":2194,\"caption\":\"Musikvielfalt Initiative\"},\"image\":{\"@id\":\"https:\\\/\\\/musikvielfalt.ch\\\/en\\\/#\\\/schema\\\/logo\\\/image\\\/\"},\"sameAs\":[\"https:\\\/\\\/www.facebook.com\\\/igmusikbasel\\\/\",\"https:\\\/\\\/www.instagram.com\\\/musikvielfalt_initiative\",\"https:\\\/\\\/www.youtube.com\\\/@IGMusikBasel\"]}]}<\/script>\n<!-- \/ Yoast SEO plugin. -->","yoast_head_json":{"title":"Support - Musikvielfalt-Initiative","description":"Wir brauchen euch. Jede Unterst\u00fctzung z\u00e4hlt f\u00fcr unser gemeinsames Ziel. Auch deine: Mach eine Spende, kauf dir ein cooles Supporter*innen-Shirt oder unser Sticker-Set. Und vor allem: Erz\u00e4hl deinen Friends und Bubbles von unseren Aktivit\u00e4ten.","robots":{"index":"index","follow":"follow","max-snippet":"max-snippet:-1","max-image-preview":"max-image-preview:large","max-video-preview":"max-video-preview:-1"},"canonical":"https:\/\/musikvielfalt.ch\/en\/support\/","og_locale":"en_US","og_type":"article","og_title":"Support - Musikvielfalt-Initiative","og_description":"Wir brauchen euch. Jede Unterst\u00fctzung z\u00e4hlt f\u00fcr unser gemeinsames Ziel. Auch deine: Mach eine Spende, kauf dir ein cooles Supporter*innen-Shirt oder unser Sticker-Set. Und vor allem: Erz\u00e4hl deinen Friends und Bubbles von unseren Aktivit\u00e4ten.","og_url":"https:\/\/musikvielfalt.ch\/en\/support\/","og_site_name":"Musikvielfalt-Initiative","article_publisher":"https:\/\/www.facebook.com\/igmusikbasel\/","article_modified_time":"2026-04-27T12:25:07+00:00","twitter_card":"summary_large_image","twitter_misc":{"Est. reading time":"2 minutes"},"schema":{"@context":"https:\/\/schema.org","@graph":[{"@type":"WebPage","@id":"https:\/\/musikvielfalt.ch\/en\/support\/","url":"https:\/\/musikvielfalt.ch\/en\/support\/","name":"Support - Musikvielfalt-Initiative","isPartOf":{"@id":"https:\/\/musikvielfalt.ch\/en\/#website"},"datePublished":"2025-10-02T14:38:36+00:00","dateModified":"2026-04-27T12:25:07+00:00","description":"Wir brauchen euch. Jede Unterst\u00fctzung z\u00e4hlt f\u00fcr unser gemeinsames Ziel. Auch deine: Mach eine Spende, kauf dir ein cooles Supporter*innen-Shirt oder unser Sticker-Set. Und vor allem: Erz\u00e4hl deinen Friends und Bubbles von unseren Aktivit\u00e4ten.","breadcrumb":{"@id":"https:\/\/musikvielfalt.ch\/en\/support\/#breadcrumb"},"inLanguage":"en-US","potentialAction":[{"@type":"ReadAction","target":[["https:\/\/musikvielfalt.ch\/en\/support\/"]]}]},{"@type":"BreadcrumbList","@id":"https:\/\/musikvielfalt.ch\/en\/support\/#breadcrumb","itemListElement":[{"@type":"ListItem","position":1,"name":"Startseite","item":"https:\/\/musikvielfalt.ch\/en\/"},{"@type":"ListItem","position":2,"name":"Support"}]},{"@type":"WebSite","@id":"https:\/\/musikvielfalt.ch\/en\/#website","url":"https:\/\/musikvielfalt.ch\/en\/","name":"Musikvielfalt Initiative","description":"FOR FAIR MUSIC FUNDING","publisher":{"@id":"https:\/\/musikvielfalt.ch\/en\/#organization"},"potentialAction":[{"@type":"SearchAction","target":{"@type":"EntryPoint","urlTemplate":"https:\/\/musikvielfalt.ch\/en\/?s={search_term_string}"},"query-input":{"@type":"PropertyValueSpecification","valueRequired":true,"valueName":"search_term_string"}}],"inLanguage":"en-US"},{"@type":"Organization","@id":"https:\/\/musikvielfalt.ch\/en\/#organization","name":"Musikvielfalt Initiative","url":"https:\/\/musikvielfalt.ch\/en\/","logo":{"@type":"ImageObject","inLanguage":"en-US","@id":"https:\/\/musikvielfalt.ch\/en\/#\/schema\/logo\/image\/","url":"https:\/\/2025.musikvielfalt.ch\/wp-content\/uploads\/2024\/06\/Mehr-Musikvielfalt-fuer-Basel-JA.jpg","contentUrl":"https:\/\/2025.musikvielfalt.ch\/wp-content\/uploads\/2024\/06\/Mehr-Musikvielfalt-fuer-Basel-JA.jpg","width":4276,"height":2194,"caption":"Musikvielfalt Initiative"},"image":{"@id":"https:\/\/musikvielfalt.ch\/en\/#\/schema\/logo\/image\/"},"sameAs":["https:\/\/www.facebook.com\/igmusikbasel\/","https:\/\/www.instagram.com\/musikvielfalt_initiative","https:\/\/www.youtube.com\/@IGMusikBasel"]}]}},"grid":"{\"colCount\":12,\"colGutter\":1,\"rowGutters\":[5,5,5],\"frameMargin\":5,\"leftFrameMargin\":2,\"rightFrameMargin\":2,\"topFrameMargin\":5,\"mus\":{\"colGutterMu\":\"%\",\"rowGutterMu\":\"%\",\"topFrameMu\":\"%\",\"bottomFrameMu\":\"%\",\"frameMu\":\"%\"},\"bottomFrameMargin\":5,\"rowAttrs\":[{\"relid\":1},{\"relid\":8},{\"relid\":5},{\"relid\":9,\"html_id\":\"merch\"}],\"bgColor\":null,\"bgImage\":null,\"cont\":[{\"type\":\"text\",\"cont\":\"<p class=\\\"_H2\\\"><span class=\\\"_H2_heighlight\\\">We need you.<\/span> Without your commitment, our work wouldn\\u2019t be possible. That\\u2019s why we\\u2019re grateful for every donation, every newsletter subscription and everyone who\\u2019s ready to roll up their sleeves.<\/p>\",\"align\":\"top\",\"row\":0,\"col\":0,\"colspan\":8,\"offsetx\":0,\"offsety\":0,\"spaceabove\":0,\"spacebelow\":0,\"yvel\":1,\"push\":0,\"relid\":2,\"absolute_position\":false},{\"type\":\"text\",\"cont\":\"<p class=\\\"_H3\\\"><a class=\\\"_H1 laybutton1 laybutton\\\" href=\\\"https:\/\/musikvielfalt.ch\/spenden\/\\\" data-open-popup=\\\"support\\\" data-id=\\\"1283\\\" data-title=\\\"Spenden\\\" data-type=\\\"page\\\">Donate here<\/a><br \/>Support us with just one click \\u2014 starting from as little as CHF 10.<\/p>\",\"align\":\"middle\",\"row\":1,\"col\":0,\"colspan\":4,\"offsetx\":0,\"offsety\":0,\"spaceabove\":0,\"spacebelow\":0,\"yvel\":1,\"push\":0,\"relid\":10,\"absolute_position\":false,\"frameOverflow\":\"\"},{\"type\":\"text\",\"cont\":\"<p class=\\\"_H3\\\"><span class=\\\"_H2_heighlight\\\">Merch<\/span><br \/>Music diversity is also something you can wear or stick anywhere you like.<\/p>\",\"align\":\"middle\",\"row\":2,\"col\":0,\"colspan\":4,\"offsetx\":0,\"offsety\":0,\"spaceabove\":0,\"spacebelow\":0,\"yvel\":1,\"push\":0,\"relid\":6,\"absolute_position\":false,\"frameOverflow\":\"\"},{\"type\":\"thumbnailgrid\",\"cont\":\"\",\"align\":\"middle\",\"row\":3,\"col\":0,\"colspan\":10,\"offsetx\":0,\"offsety\":0,\"spaceabove\":0,\"spacebelow\":0,\"yvel\":1,\"push\":0,\"relid\":3,\"config\":{\"desktop\":{\"colCount\":3,\"colGutter\":3,\"rowGutter\":4,\"colGutterMu\":\"%\",\"rowGutterMu\":\"%\",\"customAspectRatio\":false,\"customAspectRatioW\":16,\"customAspectRatioH\":9},\"tablet\":{\"colCount\":2,\"colGutter\":3,\"rowGutter\":5,\"colGutterMu\":\"%\",\"rowGutterMu\":\"%\",\"customAspectRatio\":false,\"customAspectRatioW\":16,\"customAspectRatioH\":9},\"phone\":{\"colCount\":1,\"colGutter\":4,\"rowGutter\":8,\"colGutterMu\":\"%\",\"rowGutterMu\":\"%\",\"customAspectRatio\":false,\"customAspectRatioW\":16,\"customAspectRatioH\":9},\"layoutType\":\"top-aligned\",\"cat_id\":1,\"showfilter\":false,\"showtagfilter\":false,\"sortedFilters\":false,\"sortedTagFilters\":[{\"id\":3,\"name\":\"T-Shirt\",\"visible\":true}],\"tagFilterBehaviour\":\"or\",\"limitThumbnails\":0,\"deselect_tags\":true,\"reorder_tags\":true,\"randomorder\":false,\"sortbyname\":false,\"sortbydate\":false,\"sortbymenuorder\":false,\"sortbycustom\":true,\"showAllProjects\":false,\"showAllFilter\":false,\"allFilterText\":\"All\"},\"absolute_position\":false,\"frameOverflow\":\"\"}]}","phonegrid":"","_links":{"self":[{"href":"https:\/\/musikvielfalt.ch\/en\/wp-json\/wp\/v2\/pages\/887","targetHints":{"allow":["GET"]}}],"collection":[{"href":"https:\/\/musikvielfalt.ch\/en\/wp-json\/wp\/v2\/pages"}],"about":[{"href":"https:\/\/musikvielfalt.ch\/en\/wp-json\/wp\/v2\/types\/page"}],"author":[{"embeddable":true,"href":"https:\/\/musikvielfalt.ch\/en\/wp-json\/wp\/v2\/users\/1"}],"replies":[{"embeddable":true,"href":"https:\/\/musikvielfalt.ch\/en\/wp-json\/wp\/v2\/comments?post=887"}],"version-history":[{"count":0,"href":"https:\/\/musikvielfalt.ch\/en\/wp-json\/wp\/v2\/pages\/887\/revisions"}],"wp:attachment":[{"href":"https:\/\/musikvielfalt.ch\/en\/wp-json\/wp\/v2\/media?parent=887"}],"curies":[{"name":"wp","href":"https:\/\/api.w.org\/{rel}","templated":true}]}}

<!-- This site is optimized with the Yoast SEO plugin v27.4 - https://yoast.com/product/yoast-seo-wordpress/ -->
<title>Support - Musikvielfalt-Initiative</title>
<meta name="description" content="Wir brauchen euch. Jede Unterstützung zählt für unser gemeinsames Ziel. Auch deine: Mach eine Spende, kauf dir ein cooles Supporter*innen-Shirt oder unser Sticker-Set. Und vor allem: Erzähl deinen Friends und Bubbles von unseren Aktivitäten." />
<meta name="robots" content="index, follow, max-snippet:-1, max-image-preview:large, max-video-preview:-1" />
<link rel="canonical" href="https://musikvielfalt.ch/en/support/" />
<meta property="og:locale" content="en_US" />
<meta property="og:type" content="article" />
<meta property="og:title" content="Support - Musikvielfalt-Initiative" />
<meta property="og:description" content="Wir brauchen euch. Jede Unterstützung zählt für unser gemeinsames Ziel. Auch deine: Mach eine Spende, kauf dir ein cooles Supporter*innen-Shirt oder unser Sticker-Set. Und vor allem: Erzähl deinen Friends und Bubbles von unseren Aktivitäten." />
<meta property="og:url" content="https://musikvielfalt.ch/en/support/" />
<meta property="og:site_name" content="Musikvielfalt-Initiative" />
<meta property="article:publisher" content="https://www.facebook.com/igmusikbasel/" />
<meta property="article:modified_time" content="2026-04-27T12:25:07+00:00" />
<meta name="twitter:card" content="summary_large_image" />
<meta name="twitter:label1" content="Est. reading time" />
	<meta name="twitter:data1" content="2 minutes" />
<script type="application/ld+json" class="yoast-schema-graph">{"@context":"https:\/\/schema.org","@graph":[{"@type":"WebPage","@id":"https:\/\/musikvielfalt.ch\/en\/support\/","url":"https:\/\/musikvielfalt.ch\/en\/support\/","name":"Support - Musikvielfalt-Initiative","isPartOf":{"@id":"https:\/\/musikvielfalt.ch\/en\/#website"},"datePublished":"2025-10-02T14:38:36+00:00","dateModified":"2026-04-27T12:25:07+00:00","description":"Wir brauchen euch. Jede Unterstützung zählt für unser gemeinsames Ziel. Auch deine: Mach eine Spende, kauf dir ein cooles Supporter*innen-Shirt oder unser Sticker-Set. Und vor allem: Erzähl deinen Friends und Bubbles von unseren Aktivitäten.","breadcrumb":{"@id":"https:\/\/musikvielfalt.ch\/en\/support\/#breadcrumb"},"inLanguage":"en-US","potentialAction":[{"@type":"ReadAction","target":[["https:\/\/musikvielfalt.ch\/en\/support\/"]]}]},{"@type":"BreadcrumbList","@id":"https:\/\/musikvielfalt.ch\/en\/support\/#breadcrumb","itemListElement":[{"@type":"ListItem","position":1,"name":"Startseite","item":"https:\/\/musikvielfalt.ch\/en\/"},{"@type":"ListItem","position":2,"name":"Support"}]},{"@type":"WebSite","@id":"https:\/\/musikvielfalt.ch\/en\/#website","url":"https:\/\/musikvielfalt.ch\/en\/","name":"Musikvielfalt Initiative","description":"FOR FAIR MUSIC FUNDING","publisher":{"@id":"https:\/\/musikvielfalt.ch\/en\/#organization"},"potentialAction":[{"@type":"SearchAction","target":{"@type":"EntryPoint","urlTemplate":"https:\/\/musikvielfalt.ch\/en\/?s={search_term_string}"},"query-input":{"@type":"PropertyValueSpecification","valueRequired":true,"valueName":"search_term_string"}}],"inLanguage":"en-US"},{"@type":"Organization","@id":"https:\/\/musikvielfalt.ch\/en\/#organization","name":"Musikvielfalt Initiative","url":"https:\/\/musikvielfalt.ch\/en\/","logo":{"@type":"ImageObject","inLanguage":"en-US","@id":"https:\/\/musikvielfalt.ch\/en\/#\/schema\/logo\/image\/","url":"https:\/\/2025.musikvielfalt.ch\/wp-content\/uploads\/2024\/06\/Mehr-Musikvielfalt-fuer-Basel-JA.jpg","contentUrl":"https:\/\/2025.musikvielfalt.ch\/wp-content\/uploads\/2024\/06\/Mehr-Musikvielfalt-fuer-Basel-JA.jpg","width":4276,"height":2194,"caption":"Musikvielfalt Initiative"},"image":{"@id":"https:\/\/musikvielfalt.ch\/en\/#\/schema\/logo\/image\/"},"sameAs":["https:\/\/www.facebook.com\/igmusikbasel\/","https:\/\/www.instagram.com\/musikvielfalt_initiative","https:\/\/www.youtube.com\/@IGMusikBasel"]}]}</script>
<!-- / Yoast SEO plugin. -->

Wir brauchen euch. Jede Unterstützung zählt für unser gemeinsames Ziel. Auch deine: Mach eine Spende, kauf dir ein cooles Supporter*innen-Shirt oder unser Sticker-Set. Und vor allem: Erzähl deinen Friends und Bubbles von unseren Aktivitäten.
